{"id":242326,"date":"2025-08-28T08:26:54","date_gmt":"2025-08-28T06:26:54","guid":{"rendered":"http:\/\/ba-staging.ta-daaa.ch\/wp-content\/uploads\/2025\/08\/TaxNews-Reforme-sur-la-propriete-du-logement-.pdf"},"modified":"2025-08-28T08:26:54","modified_gmt":"2025-08-28T06:26:54","slug":"taxnews-reforme-sur-la-propriete-du-logement","status":"inherit","type":"attachment","link":"https:\/\/ba-staging.ta-daaa.ch\/de\/taxnews-reforme-sur-la-propriete-du-logement\/","title":{"rendered":"TaxNews &#8211; R\u00e9forme sur la propri\u00e9t\u00e9 du logement"},"author":10,"featured_media":0,"comment_status":"","ping_status":"closed","template":"","meta":{"_acf_changed":false,"_et_pb_use_builder":"","_et_pb_old_content":"","_et_gb_content_width":"","_links_to":"","_links_to_target":""},"class_list":["post-242326","attachment","type-attachment","status-inherit","hentry"],"acf":[],"description":{"rendered":"<p class=\"attachment\"><a href='https:\/\/ba-staging.ta-daaa.ch\/wp-content\/uploads\/2025\/08\/TaxNews-Reforme-sur-la-propriete-du-logement-.pdf'><img loading=\"lazy\" decoding=\"async\" width=\"212\" height=\"300\" src=\"https:\/\/ba-staging.ta-daaa.ch\/wp-content\/uploads\/2025\/08\/TaxNews-Reforme-sur-la-propriete-du-logement-pdf-212x300.jpg\" class=\"attachment-medium size-medium\" alt=\"\" \/><\/a><\/p>\n"},"caption":{"rendered":""},"alt_text":"","media_type":"file","mime_type":"application\/pdf","media_details":{"sizes":{"full":{"file":"TaxNews-Reforme-sur-la-propriete-du-logement-pdf.jpg","width":1058,"height":1497,"mime_type":"application\/pdf","source_url":"https:\/\/ba-staging.ta-daaa.ch\/wp-content\/uploads\/2025\/08\/TaxNews-Reforme-sur-la-propriete-du-logement-pdf.jpg"},"medium":{"file":"TaxNews-Reforme-sur-la-propriete-du-logement-pdf-212x300.jpg","width":212,"height":300,"filesize":8435,"mime_type":"image\/jpeg","source_url":"https:\/\/ba-staging.ta-daaa.ch\/wp-content\/uploads\/2025\/08\/TaxNews-Reforme-sur-la-propriete-du-logement-pdf-212x300.jpg"},"large":{"file":"TaxNews-Reforme-sur-la-propriete-du-logement-pdf-724x1024.jpg","width":724,"height":1024,"filesize":37895,"mime_type":"image\/jpeg","source_url":"https:\/\/ba-staging.ta-daaa.ch\/wp-content\/uploads\/2025\/08\/TaxNews-Reforme-sur-la-propriete-du-logement-pdf-724x1024.jpg"},"thumbnail":{"file":"TaxNews-Reforme-sur-la-propriete-du-logement-pdf-106x150.jpg","width":106,"height":150,"filesize":5058,"mime_type":"image\/jpeg","source_url":"https:\/\/ba-staging.ta-daaa.ch\/wp-content\/uploads\/2025\/08\/TaxNews-Reforme-sur-la-propriete-du-logement-pdf-106x150.jpg"}},"filesize":167086},"post":null,"source_url":"https:\/\/ba-staging.ta-daaa.ch\/wp-content\/uploads\/2025\/08\/TaxNews-Reforme-sur-la-propriete-du-logement-.pdf","filename":"TaxNews-Reforme-sur-la-propriete-du-logement-.pdf","filesize":167086,"_links":{"self":[{"href":"https:\/\/ba-staging.ta-daaa.ch\/de\/wp-json\/wp\/v2\/media\/242326","targetHints":{"allow":["GET"]}}],"collection":[{"href":"https:\/\/ba-staging.ta-daaa.ch\/de\/wp-json\/wp\/v2\/media"}],"about":[{"href":"https:\/\/ba-staging.ta-daaa.ch\/de\/wp-json\/wp\/v2\/types\/attachment"}],"author":[{"embeddable":true,"href":"https:\/\/ba-staging.ta-daaa.ch\/de\/wp-json\/wp\/v2\/users\/10"}],"replies":[{"embeddable":true,"href":"https:\/\/ba-staging.ta-daaa.ch\/de\/wp-json\/wp\/v2\/comments?post=242326"}]}}

TaxNews &#8211; Réforme sur la propriété du logement
